{"id":8,"date":"2014-10-04T16:35:42","date_gmt":"2014-10-04T15:35:42","guid":{"rendered":"http:\/\/www.lesecuriesdemonconseil.com\/?page_id=8"},"modified":"2022-11-23T14:07:45","modified_gmt":"2022-11-23T13:07:45","slug":"le-club","status":"publish","type":"page","link":"https:\/\/www.lesecuriesdemonconseil.com\/?page_id=8","title":{"rendered":"L&rsquo;\u00e9curie de propri\u00e9taire"},"content":{"rendered":"<p style=\"text-align: justify;\" align=\"left\">Notre \u00e9curie est agr\u00e9\u00e9 par l&rsquo;\u00e9cole fran\u00e7aise d&rsquo;\u00e9quitation et encadr\u00e9 par Mlle Clothilde Vergne, dipl\u00f4m\u00e9 d&rsquo;\u00e9tat.<\/p>\n<p style=\"text-align: justify;\" align=\"left\">Il est situ\u00e9 \u00e0 10km de La Roche Sur Yon et \u00e0 moins de 40km des plages, en plein c\u0153ur d&rsquo;une campagne agricole, offrant de nombreux chemins de randonn\u00e9es.<\/p>\n<p style=\"text-align: justify;\" align=\"left\">Les cours permettent \u00e0 chaque cavalier de progresser au travers de diverses disciplines \u00e9questres (dressage, obstacles, etc\u2026), ce qui l&rsquo;am\u00e8nera s&rsquo;il le d\u00e9sir, \u00e0 la pr\u00e9paration des examens f\u00e9d\u00e9raux (galops 1 \u00e0 7), ainsi qu&rsquo;\u00e0 la comp\u00e9tition.<br \/>Le club met \u00e0 votre disposition des installations modernes et agr\u00e9ables.<\/p>\n<h4 style=\"text-align: center;\" align=\"left\">Carri\u00e8re et man\u00e8ge couvert accompagn\u00e9e d&rsquo;un parc d&rsquo;obstacle :<\/h4>\n<p style=\"text-align: center;\" align=\"left\"><a href=\"https:\/\/www.lesecuriesdemonconseil.com\/wp-content\/uploads\/2020\/05\/96362430_10219343394034390_4288720987622473728_n.jpg\"><img loading=\"lazy\" decoding=\"async\" class=\"alignnone  wp-image-674\" src=\"https:\/\/www.lesecuriesdemonconseil.com\/wp-content\/uploads\/2020\/05\/96362430_10219343394034390_4288720987622473728_n-300x240.jpg\" alt=\"\" width=\"291\" height=\"233\" srcset=\"https:\/\/www.lesecuriesdemonconseil.com\/wp-content\/uploads\/2020\/05\/96362430_10219343394034390_4288720987622473728_n-300x240.jpg 300w, https:\/\/www.lesecuriesdemonconseil.com\/wp-content\/uploads\/2020\/05\/96362430_10219343394034390_4288720987622473728_n.jpg 750w\" sizes=\"auto, (max-width: 291px) 100vw, 291px\" \/><\/a><\/p>\n<h4 style=\"text-align: center;\" align=\"left\">9 boxes de 12m\u00b2 et 10 paddock :<\/h4>\n<p style=\"text-align: center;\" align=\"left\"><a href=\"https:\/\/www.lesecuriesdemonconseil.com\/wp-content\/uploads\/2014\/10\/IMG_4349.jpg\"><img loading=\"lazy\" decoding=\"async\" class=\"alignnone size-medium wp-image-44\" src=\"https:\/\/www.lesecuriesdemonconseil.com\/wp-content\/uploads\/2014\/10\/IMG_4349-300x199.jpg\" alt=\"IMG_4349\" width=\"300\" height=\"199\" srcset=\"https:\/\/www.lesecuriesdemonconseil.com\/wp-content\/uploads\/2014\/10\/IMG_4349-300x199.jpg 300w, https:\/\/www.lesecuriesdemonconseil.com\/wp-content\/uploads\/2014\/10\/IMG_4349-1024x682.jpg 1024w, https:\/\/www.lesecuriesdemonconseil.com\/wp-content\/uploads\/2014\/10\/IMG_4349.jpg 1300w\" sizes=\"auto, (max-width: 300px) 100vw, 300px\" \/><\/a><\/p>\n<h4 style=\"text-align: center;\" align=\"left\">Ainsi qu&rsquo;une\u00a0 sellerie club et une sellerie propri\u00e9taire, une douche&#8230;<\/h4>\n<p style=\"text-align: center;\" align=\"left\"><a href=\"https:\/\/www.lesecuriesdemonconseil.com\/wp-content\/uploads\/2014\/10\/IMG_4353.jpg\"><img loading=\"lazy\" decoding=\"async\" class=\"alignnone size-medium wp-image-49\" src=\"https:\/\/www.lesecuriesdemonconseil.com\/wp-content\/uploads\/2014\/10\/IMG_4353-300x199.jpg\" alt=\"IMG_4353\" width=\"300\" height=\"199\" srcset=\"https:\/\/www.lesecuriesdemonconseil.com\/wp-content\/uploads\/2014\/10\/IMG_4353-300x199.jpg 300w, https:\/\/www.lesecuriesdemonconseil.com\/wp-content\/uploads\/2014\/10\/IMG_4353-1024x682.jpg 1024w, https:\/\/www.lesecuriesdemonconseil.com\/wp-content\/uploads\/2014\/10\/IMG_4353.jpg 1300w\" sizes=\"auto, (max-width: 300px) 100vw, 300px\" \/><\/a><\/p>\n<p style=\"text-align: center;\" align=\"left\"><a href=\"https:\/\/www.lesecuriesdemonconseil.com\/wp-content\/uploads\/2014\/10\/IMG_4351.jpg\"><img loading=\"lazy\" decoding=\"async\" class=\"alignnone size-medium wp-image-45\" src=\"https:\/\/www.lesecuriesdemonconseil.com\/wp-content\/uploads\/2014\/10\/IMG_4351-300x199.jpg\" alt=\"IMG_4351\" width=\"300\" height=\"199\" srcset=\"https:\/\/www.lesecuriesdemonconseil.com\/wp-content\/uploads\/2014\/10\/IMG_4351-300x199.jpg 300w, https:\/\/www.lesecuriesdemonconseil.com\/wp-content\/uploads\/2014\/10\/IMG_4351-1024x682.jpg 1024w, https:\/\/www.lesecuriesdemonconseil.com\/wp-content\/uploads\/2014\/10\/IMG_4351.jpg 1300w\" sizes=\"auto, (max-width: 300px) 100vw, 300px\" \/><\/a><\/p>\n<h4 style=\"text-align: center;\" align=\"left\">Des paddocks avec abris :<\/h4>\n<h4 style=\"text-align: center;\" align=\"left\"><a href=\"https:\/\/www.lesecuriesdemonconseil.com\/wp-content\/uploads\/2022\/08\/289508618_10224146432507350_7328409468618257524_n.jpg\"><img loading=\"lazy\" decoding=\"async\" class=\"alignnone size-medium wp-image-1031\" src=\"https:\/\/www.lesecuriesdemonconseil.com\/wp-content\/uploads\/2022\/08\/289508618_10224146432507350_7328409468618257524_n-271x300.jpg\" alt=\"\" width=\"271\" height=\"300\" srcset=\"https:\/\/www.lesecuriesdemonconseil.com\/wp-content\/uploads\/2022\/08\/289508618_10224146432507350_7328409468618257524_n-271x300.jpg 271w, https:\/\/www.lesecuriesdemonconseil.com\/wp-content\/uploads\/2022\/08\/289508618_10224146432507350_7328409468618257524_n-924x1024.jpg 924w, https:\/\/www.lesecuriesdemonconseil.com\/wp-content\/uploads\/2022\/08\/289508618_10224146432507350_7328409468618257524_n-768x851.jpg 768w, https:\/\/www.lesecuriesdemonconseil.com\/wp-content\/uploads\/2022\/08\/289508618_10224146432507350_7328409468618257524_n-1386x1536.jpg 1386w, https:\/\/www.lesecuriesdemonconseil.com\/wp-content\/uploads\/2022\/08\/289508618_10224146432507350_7328409468618257524_n.jpg 1848w\" sizes=\"auto, (max-width: 271px) 100vw, 271px\" \/><\/a> <a href=\"https:\/\/www.lesecuriesdemonconseil.com\/wp-content\/uploads\/2022\/08\/289574437_10224146435507425_967525015394598609_n.jpg\"><img loading=\"lazy\" decoding=\"async\" class=\"alignnone size-medium wp-image-1032\" src=\"https:\/\/www.lesecuriesdemonconseil.com\/wp-content\/uploads\/2022\/08\/289574437_10224146435507425_967525015394598609_n-300x225.jpg\" alt=\"\" width=\"300\" height=\"225\" srcset=\"https:\/\/www.lesecuriesdemonconseil.com\/wp-content\/uploads\/2022\/08\/289574437_10224146435507425_967525015394598609_n-300x225.jpg 300w, https:\/\/www.lesecuriesdemonconseil.com\/wp-content\/uploads\/2022\/08\/289574437_10224146435507425_967525015394598609_n-1024x768.jpg 1024w, https:\/\/www.lesecuriesdemonconseil.com\/wp-content\/uploads\/2022\/08\/289574437_10224146435507425_967525015394598609_n-768x576.jpg 768w, https:\/\/www.lesecuriesdemonconseil.com\/wp-content\/uploads\/2022\/08\/289574437_10224146435507425_967525015394598609_n-1536x1152.jpg 1536w, https:\/\/www.lesecuriesdemonconseil.com\/wp-content\/uploads\/2022\/08\/289574437_10224146435507425_967525015394598609_n.jpg 2048w\" sizes=\"auto, (max-width: 300px) 100vw, 300px\" \/><\/a> <a href=\"https:\/\/www.lesecuriesdemonconseil.com\/wp-content\/uploads\/2022\/08\/289653927_10224146435267419_5690419281024670683_n.jpg\"><img loading=\"lazy\" decoding=\"async\" class=\"alignnone size-medium wp-image-1033\" src=\"https:\/\/www.lesecuriesdemonconseil.com\/wp-content\/uploads\/2022\/08\/289653927_10224146435267419_5690419281024670683_n-300x225.jpg\" alt=\"\" width=\"300\" height=\"225\" srcset=\"https:\/\/www.lesecuriesdemonconseil.com\/wp-content\/uploads\/2022\/08\/289653927_10224146435267419_5690419281024670683_n-300x225.jpg 300w, https:\/\/www.lesecuriesdemonconseil.com\/wp-content\/uploads\/2022\/08\/289653927_10224146435267419_5690419281024670683_n-1024x768.jpg 1024w, https:\/\/www.lesecuriesdemonconseil.com\/wp-content\/uploads\/2022\/08\/289653927_10224146435267419_5690419281024670683_n-768x576.jpg 768w, https:\/\/www.lesecuriesdemonconseil.com\/wp-content\/uploads\/2022\/08\/289653927_10224146435267419_5690419281024670683_n-1536x1152.jpg 1536w, https:\/\/www.lesecuriesdemonconseil.com\/wp-content\/uploads\/2022\/08\/289653927_10224146435267419_5690419281024670683_n.jpg 2048w\" sizes=\"auto, (max-width: 300px) 100vw, 300px\" \/><\/a><\/h4>\n<h3 style=\"text-align: center;\" align=\"left\">Des questions ? une envie ? n&rsquo;h\u00e9sitez plus et venez nous voir !<\/h3>\n\n\n<p><\/p>\n","protected":false},"excerpt":{"rendered":"<p>Notre \u00e9curie est agr\u00e9\u00e9 par l&rsquo;\u00e9cole fran\u00e7aise d&rsquo;\u00e9quitation et encadr\u00e9 par Mlle Clothilde Vergne, dipl\u00f4m\u00e9 d&rsquo;\u00e9tat. Il est situ\u00e9 \u00e0 10km de La Roche Sur Yon et \u00e0 moins de 40km des plages, en plein c\u0153ur d&rsquo;une campagne agricole, offrant de nombreux chemins de randonn\u00e9es. Les cours permettent \u00e0 chaque cavalier de progresser au travers [&hellip;]<\/p>\n","protected":false},"author":1,"featured_media":0,"parent":0,"menu_order":0,"comment_status":"closed","ping_status":"closed","template":"","meta":{"footnotes":""},"class_list":["post-8","page","type-page","status-publish","hentry"],"_links":{"self":[{"href":"https:\/\/www.lesecuriesdemonconseil.com\/index.php?rest_route=\/wp\/v2\/pages\/8","targetHints":{"allow":["GET"]}}],"collection":[{"href":"https:\/\/www.lesecuriesdemonconseil.com\/index.php?rest_route=\/wp\/v2\/pages"}],"about":[{"href":"https:\/\/www.lesecuriesdemonconseil.com\/index.php?rest_route=\/wp\/v2\/types\/page"}],"author":[{"embeddable":true,"href":"https:\/\/www.lesecuriesdemonconseil.com\/index.php?rest_route=\/wp\/v2\/users\/1"}],"replies":[{"embeddable":true,"href":"https:\/\/www.lesecuriesdemonconseil.com\/index.php?rest_route=%2Fwp%2Fv2%2Fcomments&post=8"}],"version-history":[{"count":11,"href":"https:\/\/www.lesecuriesdemonconseil.com\/index.php?rest_route=\/wp\/v2\/pages\/8\/revisions"}],"predecessor-version":[{"id":1194,"href":"https:\/\/www.lesecuriesdemonconseil.com\/index.php?rest_route=\/wp\/v2\/pages\/8\/revisions\/1194"}],"wp:attachment":[{"href":"https:\/\/www.lesecuriesdemonconseil.com\/index.php?rest_route=%2Fwp%2Fv2%2Fmedia&parent=8"}],"curies":[{"name":"wp","href":"https:\/\/api.w.org\/{rel}","templated":true}]}}